 3 + 0 + (-21)/3. Let b be w/(-3) - (-1 - (-640)/(-24)). Calculate the greatest common factor of b and 232.
29
Suppose 173*d = 290*d - 1284777. Calculate the highest common divisor of 139 and d.
139
Let y(o) = -2*o**3 - 4*o**2 - 15*o + 32. Let h be y(-7). Let t = h + -605. What is the highest common divisor of 473 and t?
11
Let b be -1 + 10 - (0 - 0). Let l(c) = -c**3 - 57*c**2 + 60*c + 215. Let a be l(-58). Calculate the greatest common divisor of b and a.
9
Let s(x) = 71*x + 113. Let j be s(-10). Let r = -327 - j. What is the greatest common divisor of 10 and r?
10
Suppose 0 = 4*n - 9*n + 2200. Suppose 0 = -244*f + 243*f + n. What is the greatest common factor of 88 and f?
88
Let g(t) = -38*t - 204. Let r be g(-6). Let j(z) = -8*z**3 - 2*z**2 - z - 4. Let x be j(-2). What is the greatest common factor of x and r?
6
Let d be 2/33*3 + -48*(-63)/308. Let x(j) = -j + 29*j**2 + 4*j - j. Let b be x(2). What is the greatest common divisor of b and d?
10
Suppose -29*g + 163 + 158 + 56 = 0. What is the greatest common factor of g and 21?
1
Let s = 701 - 266. Let q be (-3)/((-27)/s) - 1/3. Let m = -19 + 31. What is the highest common divisor of q and m?
12
Suppose 5*g - 293 - 136 - 21 = 0. Calculate the highest common factor of 99 and g.
9
Let l be ((-4)/(-8))/(2/800). Calculate the greatest common factor of 1440 and l.
40
Suppose 3*k - 2*t - 5056 = -666, -2915 = -2*k - t. Calculate the greatest common factor of 100 and k.
20
Let o(c) = c**3 - 4*c**2 - 12*c. Let l be o(6). Let h be l/(5/(15/(-6))). Let k be (20/15 - h)*12. Calculate the highest common divisor of 24 and k.
8
Let u be 43 + -1 - 280/40. Suppose -h - 5*l + 0*l = 10, -3*h - 4*l = -3. What is the greatest common factor of u and h?
5
Let p(c) = -12 - 10*c - 17*c**2 - 22*c**2 + 41*c**2. Let j be p(8). What is the highest common divisor of j and 96?
12
Let g = 3 + 1. Suppose 2*x - 288 = 4*r, 124 = -2*r - x - 3*x. Let v = r + 90. What is the greatest common factor of v and g?
4
Suppose 22*o - 22*o = -20*o + 1440. Let c(y) = -y**3 - y**2 + 6*y. Let r be c(-7). What is the highest common divisor of o and r?
36
Suppose f - 476 = 5*a, -3*a - 5*f = -f + 304. Let k = a - -98. Suppose -k*t + 14 = -4*h, -t + 6 = -2*h + h. What is the greatest common factor of t and 1?
1
Suppose 5*h - 36 + 56 = 0. Let p be h - -2*(6 + 1 + 3). Suppose 51 = 9*z + 15. Calculate the highest common divisor of z and p.
4
Let n be (82/6)/((-345855)/24705 + 14). What is the greatest common divisor of n and 9?
9
Suppose 5*u + 12*b - 176 = 11*b, 5*b = -4*u + 124. What is the highest common divisor of u and 1971?
9
Suppose -11*m + 10*m = -3. Let d be (m/1)/(-6)*-16. Calculate the greatest common divisor of d and 28.
4
Suppose k - 3*k + 4*z + 572 = 0, -1148 = -4*k + 4*z. What is the highest common divisor of k and 234?
18
Suppose 590 = 6*n - 442. Suppose -2*u + v + 237 = -106, v + n = u. What is the highest common factor of 9 and u?
9
Let w be -32*1 - (415 + -458). Let z be 99/(-2)*12/(-2). What is the greatest common factor of w and z?
11
Let y = 73 - -32. Let k(l) = l**2 + 86*l - 300. Let w be k(4). What is the highest common factor of y and w?
15
Suppose 0 = r + 19 - 211. Let u = -14980 + 15076. What is the greatest common divisor of u and r?
96
Let s = -2503 - -4162. Calculate the highest common factor of 189 and s.
21
Suppose 0 = 4*q - 16, 88*u - 89*u + 3 = -q. Suppose 7*d = 9*d - 126. Calculate the highest common factor of u and d.
7
Suppose -2*x = -3*x - 39. Let d(v) = v**2 + 40*v + 214. Let a be d(x). Let y = -38 - -63. Calculate the greatest common divisor of a and y.
25
Let w = 191 - 95. Let j be (-150)/1*2/(-15)*3. Calculate the highest common divisor of j and w.
12
Let v be ((-27)/9 + 1)*-3. Calculate the highest common factor of 486 and v.
6
Suppose 134 = 3*b + 64*b. Calculate the greatest common factor of b and 3182.
2
Suppose 41757 - 272637 = -30*x. Calculate the highest common divisor of x and 48.
16
Let q(w) = 225*w**2 + 69*w - 360. Let a be q(5). Calculate the highest common factor of 330 and a.
330
Let j be -1 + (-159*2/4)/(360/(-480)). Suppose -3*o = -127 - 83. Calculate the greatest common divisor of o and j.
35
Let j be 15/21 - (-4)/14. Let k(g) = 62*g**2 - 5*g + 4. Let z be k(j). Let x = z - 40. Calculate the highest common divisor of 231 and x.
21
Suppose 405 = -3*w + 2241. Suppose 1068 + w = 16*l. What is the greatest common divisor of l and 60?
15
Suppose -5*g - 3*g + 16 = 0. Let c be 3/((-15)/50)*(-4)/g. Suppose -2*f + 4*i + 15 - 3 = 0, -4*i = 3*f - 68. What is the highest common divisor of c and f?
4
Let i = -658 - -386. Let j be (-1428)/i - 1/4. What is the greatest common divisor of 16 and j?
1
Let o be (51/(-3))/((-5)/2 + 2). Suppose -2*t - o = -2*a + 28, -4*a = -3*t - 120. Calculate the greatest common divisor of a and 81.
27
Suppose -3*c + 19 = 5*z, 143 = z - 2*c + 134. Calculate the greatest common divisor of 155 and z.
5
Suppose 20*r + 1461 = 10161. Let a = r - 428. Calculate the greatest common divisor of a and 252.
7
Let w = -341 - -353. Suppose -2*u + 5*r - 34 = -111, -4*r = -5*u + 184. What is the greatest common factor of w and u?
12
Let c be (-6)/(-57) + 27643/1463. What is the highest common divisor of c and 209?
19
Suppose -x = -5*x - 12. Let v be 670/3 - -1 - 2/x. Calculate the highest common divisor of 25 and v.
25
Let d(o) = 75*o**2 - o. Let t be d(1). Suppose 179 - t = 3*h. Let i = -21 + 196. Calculate the greatest common factor of i and h.
35
Suppose -33*l + 3620 + 16 = 600. Calculate the greatest common factor of 1196 and l.
92
Let r(c) = -7*c**2 - 32*c - 10. Let h be r(-4). Let g(y) = 3*y - 9. Let a be g(h). Calculate the highest common factor of 126 and a.
9
Suppose -4*b + 15 = -9*b + 5*u, 5*b = -3*u - 23. Let o be (-24)/b - (-6 + -173 + -4). Calculate the highest common divisor of 7 and o.
7
Let o(s) = 2*s**2 - 9*s + 11. Let x be o(4). Suppose x + 47 = 27*k. What is the greatest common factor of 38 and k?
2
Suppose 968 = 46*q + 32*q - 34*q. Suppose -v = 3*v, -4*h = 4*v - 88. Calculate the greatest common divisor of q and h.
22
Let q be -1 - 2634/(-9)*(-24)/(-16). Suppose 6*n + 96 = q. Let i be (-39 - -1)/((-4)/2). What is the highest common factor of n and i?
19
Let n = -19 - -27. Let k be (4 - -1)/(n/(-16)). Let p(d) = -36*d - 17. Let m be p(k). Calculate the greatest common divisor of 49 and m.
49
Let k(u) = u**3 + 3*u**2 - 18*u + 64. Let v be k(6). What is the greatest common factor of v and 520?
40
Let y(j) = -j**2 - 11*j + 37. Let o be y(-9). Let n be (36/20)/(1/o). What is the greatest common factor of n and 55?
11
Let h(u) = -u**3 - 7*u**2 + 62*u + 440. Let m be h(-6). What is the greatest common factor of 5408 and m?
32
Let t be ((-49184)/(-64))/53 - (-6)/(-4). Calculate the greatest common factor of 15314 and t.
13
Suppose u - 80 = -0*u. Suppose 17*c - 20*c = -5*r + 512, 0 = -4*r - c + 396. What is the greatest common divisor of u and r?
20
Let b = -2526 - -3168. Calculate the highest common factor of b and 48.
6
Let q = 195 - 115. Suppose -2*z - q = -6*z. Suppose -3*p - 84 = -5*o + o, 0 = -5*p - z. What is the greatest common factor of o and 27?
9
Suppose -2*a - 3*a - 365 = 0. Let b = 111 + a. Let q = b + -8. Calculate the highest common divisor of 45 and q.
15
Let t(q) = q**3 + 10*q**2 + 4*q - 64. Let w be t(-7). Calculate the highest common divisor of w and 55.
55
Let k = 6246 + -6213. Let q be 17094/(-63)*(1 - (-5)/(-2)). Calculate the highest common factor of q and k.
11
Suppose 1181*q - 2371*q = -1157*q - 957. Let p be 122/4 - (-9)/(-6). What is the greatest common factor of q and p?
29
Suppose -4*m = -2*h + 222, -444 = -4*h - 6*m + 5*m. Let d = h + 15. Calculate the highest common divisor of d and 18.
18
Suppose -159 = 7*b - 859. Suppose 8*w - 752 = -0*w. Let k = w + -54. Calculate the highest common factor of b and k.
20
Let f = 8381 + -8300. What is the highest common divisor of f and 3753?
27
Let v(q) = -q**3 - 32*q**2 + 29*q - 20. Suppose -15*t - 627 = 4*t. Let r be v(t). What is the greatest common divisor of r and 56?
56
Suppose -21*m = 42*m - 10*m - 667270. Calculate the highest common factor of m and 10.
10
Let g(i) = -i**3 + 26*i**2 - 33*i + 113. Let a be g(25). Let r = 77 + -198. Let l = a - r. Calculate the highest common divisor of 170 and l.
34
Le